{"id":1492,"date":"2025-03-16T17:09:53","date_gmt":"2025-03-16T16:09:53","guid":{"rendered":"https:\/\/destination-sports-outdoor.fr\/?page_id=1492"},"modified":"2025-10-04T17:08:34","modified_gmt":"2025-10-04T15:08:34","slug":"activites","status":"publish","type":"page","link":"https:\/\/destination-sports-outdoor.fr\/index.php\/activites\/","title":{"rendered":"Activit\u00e9s"},"content":{"rendered":"\n<p><strong>DESTINATION SPORTS OUTDOOR<\/strong> : Vos S\u00e9jours Sportifs en Pleine Nature<\/p>\n\n\n\n<p>D\u00e9couvrez DESTINATION SPORTS OUTDOOR, une association qui propose des s\u00e9jours sportifs uniques au c\u0153ur de la nature, con\u00e7us pour tous ceux qui veulent bouger, s\u2019\u00e9vader et partager des moments forts.<\/p>\n\n\n\n<p>Quatre fa\u00e7ons de profiter du grand air et de bouger autrement :<\/p>\n\n\n\n<ul class=\"wp-block-list\">\n<li><strong>Randonn\u00e9e \u2013 Rando Forme Sant\u00e9<\/strong><\/li>\n<\/ul>\n\n\n\n<p>Une randonn\u00e9e active qui combine marche et ateliers sp\u00e9cifiques (cardio, \u00e9quilibre, force, renforcement musculaire).<\/p>\n\n\n\n<p>Id\u00e9al pour entretenir sa forme, progresser en douceur et respirer un grand bol d\u2019air.<\/p>\n\n\n\n<ul class=\"wp-block-list\">\n<li><strong>Trail \u2013 Rando Course (\u00c9cole de Trail)<\/strong><\/li>\n<\/ul>\n\n\n\n<p>\u00ab\u00a0Moins courir pour mieux courir\u00a0\u00bb : gr\u00e2ce \u00e0 la m\u00e9thode \u00c9cole de Trail, approuv\u00e9e par certains \u00e9lites, d\u00e9couvre une autre fa\u00e7on d\u2019aborder la course nature.<\/p>\n\n\n\n<p>&nbsp;Alternance marche\/course, pr\u00e9paration physique, technique de course et m\u00eame une section sp\u00e9ciale Graine de Trailleur pour les enfants.<\/p>\n\n\n\n<ul class=\"wp-block-list\">\n<li><strong>VTT Fatbike<\/strong><\/li>\n<\/ul>\n\n\n\n<p>D\u00e9couvre le Fatbike, un VTT aux pneus surdimensionn\u00e9s qui permet d\u2019explorer tous types de terrains (sable, boue, sentiers forestiers) avec confort et sensations.<\/p>\n\n\n\n<p>&nbsp;Activit\u00e9 r\u00e9serv\u00e9e aux adultes, propos\u00e9e dans le cadre de s\u00e9jours pour explorer la Brenne ou profiter d\u2019un week-end sportif original.<\/p>\n\n\n\n<ul class=\"wp-block-list\">\n<li><strong>S\u00e9jours Sportifs<\/strong><\/li>\n<\/ul>\n\n\n\n<p>Des s\u00e9jours tout compris (h\u00e9bergement en g\u00eete, pension compl\u00e8te, activit\u00e9s sportives) de 3 \u00e0 5 jours, propos\u00e9s sur certains week-ends et vacances scolaires.<\/p>\n\n\n\n<p>&nbsp;Choisis un s\u00e9jour autour d\u2019une seule activit\u00e9 (rando, trail, VTT) ou opte pour un mix des trois. Possibilit\u00e9 aussi de s\u00e9jours personnalis\u00e9s pour groupes ou \u00e9v\u00e9nements (s\u00e9minaires, coh\u00e9sion, etc.).<\/p>\n\n\n\n<p>Pour en savoir plus sur nos prochaines dates et l\u2019ensemble de nos offres, rendez-vous sur notre calendrier ou contactez-nous directement. Ensemble, faisons de votre prochaine aventure un moment exceptionnel !<\/p>\n\n\n\n<p><\/p>\n","protected":false},"excerpt":{"rendered":"<p>DESTINATION SPORTS OUTDOOR : Vos S\u00e9jours Sportifs en Pleine Nature D\u00e9couvrez DESTINATION SPORTS OUTDOOR, une association qui propose des s\u00e9jours sportifs uniques au c\u0153ur de la nature, con\u00e7us pour tous &#8230;<\/p>\n","protected":false},"author":1,"featured_media":0,"parent":0,"menu_order":0,"comment_status":"closed","ping_status":"closed","template":"","meta":{"footnotes":""},"class_list":["post-1492","page","type-page","status-publish","hentry"],"_links":{"self":[{"href":"https:\/\/destination-sports-outdoor.fr\/index.php\/wp-json\/wp\/v2\/pages\/1492","targetHints":{"allow":["GET"]}}],"collection":[{"href":"https:\/\/destination-sports-outdoor.fr\/index.php\/wp-json\/wp\/v2\/pages"}],"about":[{"href":"https:\/\/destination-sports-outdoor.fr\/index.php\/wp-json\/wp\/v2\/types\/page"}],"author":[{"embeddable":true,"href":"https:\/\/destination-sports-outdoor.fr\/index.php\/wp-json\/wp\/v2\/users\/1"}],"replies":[{"embeddable":true,"href":"https:\/\/destination-sports-outdoor.fr\/index.php\/wp-json\/wp\/v2\/comments?post=1492"}],"version-history":[{"count":3,"href":"https:\/\/destination-sports-outdoor.fr\/index.php\/wp-json\/wp\/v2\/pages\/1492\/revisions"}],"predecessor-version":[{"id":1624,"href":"https:\/\/destination-sports-outdoor.fr\/index.php\/wp-json\/wp\/v2\/pages\/1492\/revisions\/1624"}],"wp:attachment":[{"href":"https:\/\/destination-sports-outdoor.fr\/index.php\/wp-json\/wp\/v2\/media?parent=1492"}],"curies":[{"name":"wp","href":"https:\/\/api.w.org\/{rel}","templated":true}]}}